{"id":297,"date":"2016-12-09T11:14:20","date_gmt":"2016-12-09T11:14:20","guid":{"rendered":"http:\/\/54.221.244.85\/index.php\/about-us\/"},"modified":"2024-06-12T21:04:58","modified_gmt":"2024-06-12T21:04:58","slug":"about-us","status":"publish","type":"page","link":"https:\/\/vocational-fund.org\/?page_id=297","title":{"rendered":"Nuestra historia"},"content":{"rendered":"<p>[vc_section use_image_background=&#8221;yes&#8221; background_size_xs=&#8221;section-bg-image-size-xs-contain&#8221; background_size_md=&#8221;section-bg-image-size-md-contain&#8221; background_opacity=&#8221;0.5&#8243; background_parallax=&#8221;section-bg-image-paralax&#8221; background_image=&#8221;188&#8243; css=&#8221;.vc_custom_1718226132068{padding-bottom: 30px !important;background-position: 0 0 !important;background-repeat: repeat !important;}&#8221;][vc_row][vc_column][dity_bordered_heading type=&#8221;h2&#8243; title=&#8221;Nuestra historia&#8221; subtitle=&#8221;&#8221; css_animation=&#8221;fadeIn&#8221; css=&#8221;.vc_custom_1718226285956{margin-top: 50px !important;margin-bottom: 30px !important;}&#8221;][dity_hcard card_padding=&#8221;card-hero&#8221; image=&#8221;547&#8243; image_position=&#8221;right&#8221; shadow=&#8221;8&#8243; shadow_hover=&#8221;16&#8243; css_animation=&#8221;fadeIn&#8221;][vc_custom_heading text=&#8221;\u00bfQui\u00e9nes somos?&#8221; use_theme_fonts=&#8221;yes&#8221; css=&#8221;.vc_custom_1608225517613{margin-bottom: 30px !important;}&#8221;][vc_column_text css=&#8221;.vc_custom_1649093323521{margin-bottom: 0px !important;}&#8221;]Cuando los Salesianos llegaron a Ecuador, no contaban con todos los recursos para financiar la Educaci\u00f3n Superior y la Formaci\u00f3n Salesiana de sus seminaristas, debido a la gran cantidad de dinero que representaban. Con el fin crear un Fondo que sostenga este nuevo reto los Superiores Salesianos, confiaron esta labor a un sacerdote irland\u00e9s carism\u00e1tico y talentoso que hab\u00eda trabajado 22 a\u00f1os como misionero en Argentina, al <strong>Padre John James Porter, sdb<\/strong>. En la d\u00e9cada de 60 se uni\u00f3 a los Salesianos del Ecuador.<\/p>\n<p><strong>Tan pronto como lleg\u00f3 a Quito &#8211; Ecuador, comenz\u00f3 a trabajar por las Vocaciones.<\/strong> \u00c9l hizo su mejor esfuerzo para encontrar apoyo para los j\u00f3venes que mostraron inter\u00e9s por el Sacerdocio. En ese momento, muchos j\u00f3venes entraron en el Seminario Menor Salesiano. Para afrontar los gastos de su formaci\u00f3n fue a Irlanda, Estados Unidos, Canad\u00e1 y otros pa\u00edses de habla inglesa en busca de ayuda.[\/vc_column_text][\/dity_hcard][\/vc_column][\/vc_row][vc_row][vc_column][vc_basic_grid post_type=&#8221;post&#8221; max_items=&#8221;3&#8243; grid_id=&#8221;vc_gid:1718226276450-86b01a2d-a375-2&#8243; taxonomies=&#8221;129&#8243;][\/vc_column][\/vc_row][vc_row][vc_column][dity_bordered_heading type=&#8221;h2&#8243; title=&#8221;Anteriores directores de la obra&#8221; subtitle=&#8221;Salesianos&#8221; css_animation=&#8221;fadeIn&#8221; css=&#8221;.vc_custom_1649091534282{margin-bottom: 30px !important;}&#8221;][\/vc_column][\/vc_row][vc_row][vc_column width=&#8221;1\/4&#8243;][dity_vcard image=&#8221;923&#8243; shadow_hover=&#8221;16&#8243; css_animation=&#8221;fadeIn&#8221;][vc_custom_heading text=&#8221;P. Maffeo Panteghini, sdb&#8221; font_container=&#8221;tag:h3|text_align:center&#8221; use_theme_fonts=&#8221;yes&#8221;][vc_custom_heading text=&#8221;Ex-Director&#8221; font_container=&#8221;tag:h6|text_align:center&#8221; use_theme_fonts=&#8221;yes&#8221; el_class=&#8221;card-subtitle text-muted font-italic&#8221; css=&#8221;.vc_custom_1649091758061{margin-top: -20px !important;}&#8221;][\/dity_vcard][\/vc_column][vc_column width=&#8221;3\/4&#8243;][vc_column_text]<strong>Misionero Salesiano,<\/strong> naci\u00f3 el 18 de junio de 1947 en Biennio \u2013 Brescia, Italia. Inici\u00f3 su formaci\u00f3n salesiana en Chieri \u2013 Villa Moglia el 1963. <strong>Fue transferido a la Inspectoria Salesiana del Ecuador en Cuenca, el 9 de enero de 1969.<\/strong><\/p>\n<p><strong>Se ordena como sacerdote el 22 de julio de 1982 en Salinas de Guaranda &#8211; Ecuador.<\/strong> Maestro de artes, especializado en carpinter\u00eda y ebanister\u00eda.<\/p>\n<p><strong><em>Director del Fondo Vocacional del 2013 al 2020. <\/em><\/strong>Actualmente, es director en Sevilla Don Bosco (Misi\u00f3n Amaz\u00f3nica).[\/vc_column_text][vc_separator][\/vc_column][\/vc_row][vc_row][vc_column width=&#8221;1\/4&#8243;][dity_vcard image=&#8221;921&#8243; shadow_hover=&#8221;16&#8243; css_animation=&#8221;fadeIn&#8221;][vc_custom_heading text=&#8221;Mons. Alfredo Espinoza&#8221; font_container=&#8221;tag:h3|text_align:center&#8221; use_theme_fonts=&#8221;yes&#8221;][vc_custom_heading text=&#8221;Ex-Director&#8221; font_container=&#8221;tag:h6|text_align:center&#8221; use_theme_fonts=&#8221;yes&#8221; el_class=&#8221;card-subtitle text-muted font-italic&#8221; css=&#8221;.vc_custom_1612894051200{margin-top: -20px !important;}&#8221;][\/dity_vcard][\/vc_column][vc_column width=&#8221;3\/4&#8243;][vc_column_text]Nace el 22 de abril de 1958 en Guayaquil &#8211; Ecuador. El Noviciado Salesiano lo realiz\u00f3 en la Rio Negro &#8211; Colombia el 4 de enero de 1978. <strong>Se orden\u00f3 como sacerdote el 17 de diciembre de 1988 en su ciudad natal.<\/strong><\/p>\n<p><strong>Desde el 2011 hasta el 2013 fue Ec\u00f3nomo Inspectorial y Director del Fondo Vocacional.<em> El 20 de diciembre de 2013, el papa Francisco lo nombr\u00f3 Obispo de Loja.<\/em> <\/strong><\/p>\n<p>Fue consagrado el 18 de enero de 2014, a manos del por entonces Nuncio Apost\u00f3lico en Ecuador, Giacomo Guido Ottonello. Sus co-consagrantes fueron el Obispo em\u00e9rito de Machala, Luis S\u00e1nchez Armijos y su predecesor, Julio Parrilla D\u00edaz. Tom\u00f3 posesi\u00f3n can\u00f3nica el mismo d\u00eda de su ordenaci\u00f3n.<\/p>\n<p><strong>El 5 de abril de 2019, el papa Francisco lo nombr\u00f3 nuevo Arzobispo de Quito y Primado de Ecuador.<\/strong> Tom\u00f3 posesi\u00f3n can\u00f3nica el d\u00eda 2 de mayo, durante una ceremonia en la Catedral Metropolitana de Quito. El s\u00e1bado 29 de junio de 2019, en la Solemnidad de los Ap\u00f3stoles Pedro y Pablo, en una ceremonia en la Bas\u00edlica de San Pedro, recibi\u00f3 el palio arzobispal de manos del sumo pont\u00edfice el papa Francisco. El s\u00e1bado 20 de julio de 2019, en una ceremonia en la Catedral Metropolitana de Quito y Primada del Ecuador, recibi\u00f3 la imposici\u00f3n del palio arzobispal de manos del nuncio apost\u00f3lico en Ecuador, Andr\u00e9s Carrascosa Coso.[\/vc_column_text][vc_separator][\/vc_column][\/vc_row][vc_row][vc_column width=&#8221;1\/4&#8243;][dity_vcard image=&#8221;920&#8243; shadow_hover=&#8221;16&#8243; css_animation=&#8221;fadeIn&#8221;][vc_custom_heading text=&#8221;(+) P. Rafael Bastidas, sdb&#8221; font_container=&#8221;tag:h3|text_align:center&#8221; use_theme_fonts=&#8221;yes&#8221;][vc_custom_heading text=&#8221;Ex-Director&#8221; font_container=&#8221;tag:h6|text_align:center&#8221; use_theme_fonts=&#8221;yes&#8221; el_class=&#8221;card-subtitle text-muted font-italic&#8221; css=&#8221;.vc_custom_1649091901116{margin-top: -20px !important;}&#8221;][\/dity_vcard][\/vc_column][vc_column width=&#8221;3\/4&#8243;][vc_column_text]Nace el 1 de marzo de 1938 en Chavezpamba, Pichincha &#8211; Quito. En 1953, inici\u00f3 su formaci\u00f3n al sacerdocio en la ciudad de Cuenca.<strong> Se orden\u00f3 como sacerdote el 19 de diciembre de 1970.<\/strong><\/p>\n<p>Luego del fallecimiento del P. John Porter, asume como <em><strong>Director del Fondo Vocacional desde el 2004 al 2011. <\/strong><\/em>Tambi\u00e9n se desempe\u00f1\u00f3 como Director de las Casas de Formaci\u00f3n, Consejero Inspectorial, Maestro, P\u00e1rroco, Vicario Inspectorial y Director.<\/p>\n<p><strong>Parti\u00f3 a la casa del Se\u00f1or el 5 de mayo del 2020 a los 82 a\u00f1os.<\/strong>[\/vc_column_text][\/vc_column][\/vc_row][\/vc_section]<\/p>\n","protected":false},"excerpt":{"rendered":"<p>[vc_section use_image_background=&#8221;yes&#8221; background_size_xs=&#8221;section-bg-image-size-xs-contain&#8221; background_size_md=&#8221;section-bg-image-size-md-contain&#8221; background_opacity=&#8221;0.5&#8243; background_parallax=&#8221;section-bg-image-paralax&#8221; background_image=&#8221;188&#8243; css=&#8221;.vc_custom_1718226132068{padding-bottom: 30px !important;background-position: 0 0 !important;background-repeat: repeat !important;}&#8221;][vc_row][vc_column][dity_bordered_heading type=&#8221;h2&#8243; title=&#8221;Nuestra historia&#8221; subtitle=&#8221;&#8221; css_animation=&#8221;fadeIn&#8221; css=&#8221;.vc_custom_1718226285956{margin-top: 50px !important;margin-bottom: 30px !important;}&#8221;][dity_hcard card_padding=&#8221;card-hero&#8221; image=&#8221;547&#8243; image_position=&#8221;right&#8221; shadow=&#8221;8&#8243; shadow_hover=&#8221;16&#8243; [&hellip;]<\/p>\n","protected":false},"author":1,"featured_media":0,"parent":0,"menu_order":0,"comment_status":"closed","ping_status":"closed","template":"","meta":{"sfsi_plus_gutenberg_text_before_share":"","sfsi_plus_gutenberg_show_text_before_share":"","sfsi_plus_gutenberg_icon_type":"","sfsi_plus_gutenberg_icon_alignemt":"","sfsi_plus_gutenburg_max_per_row":"","footnotes":""},"_links":{"self":[{"href":"https:\/\/vocational-fund.org\/index.php?rest_route=\/wp\/v2\/pages\/297"}],"collection":[{"href":"https:\/\/vocational-fund.org\/index.php?rest_route=\/wp\/v2\/pages"}],"about":[{"href":"https:\/\/vocational-fund.org\/index.php?rest_route=\/wp\/v2\/types\/page"}],"author":[{"embeddable":true,"href":"https:\/\/vocational-fund.org\/index.php?rest_route=\/wp\/v2\/users\/1"}],"replies":[{"embeddable":true,"href":"https:\/\/vocational-fund.org\/index.php?rest_route=%2Fwp%2Fv2%2Fcomments&post=297"}],"version-history":[{"count":53,"href":"https:\/\/vocational-fund.org\/index.php?rest_route=\/wp\/v2\/pages\/297\/revisions"}],"predecessor-version":[{"id":914,"href":"https:\/\/vocational-fund.org\/index.php?rest_route=\/wp\/v2\/pages\/297\/revisions\/914"}],"wp:attachment":[{"href":"https:\/\/vocational-fund.org\/index.php?rest_route=%2Fwp%2Fv2%2Fmedia&parent=297"}],"curies":[{"name":"wp","href":"https:\/\/api.w.org\/{rel}","templated":true}]}}

<p>[vc_section use_image_background=&#8221;yes&#8221; background_size_xs=&#8221;section-bg-image-size-xs-contain&#8221; background_size_md=&#8221;section-bg-image-size-md-contain&#8221; background_opacity=&#8221;0.5&#8243; background_parallax=&#8221;section-bg-image-paralax&#8221; background_image=&#8221;188&#8243; css=&#8221;.vc_custom_1718226132068{padding-bottom: 30px !important;background-position: 0 0 !important;background-repeat: repeat !important;}&#8221;][vc_row][vc_column][dity_bordered_heading type=&#8221;h2&#8243; title=&#8221;Nuestra historia&#8221; subtitle=&#8221;&#8221; css_animation=&#8221;fadeIn&#8221; css=&#8221;.vc_custom_1718226285956{margin-top: 50px !important;margin-bottom: 30px !important;}&#8221;][dity_hcard card_padding=&#8221;card-hero&#8221; image=&#8221;547&#8243; image_position=&#8221;right&#8221; shadow=&#8221;8&#8243; shadow_hover=&#8221;16&#8243; css_animation=&#8221;fadeIn&#8221;][vc_custom_heading text=&#8221;¿Quiénes somos?&#8221; use_theme_fonts=&#8221;yes&#8221; css=&#8221;.vc_custom_1608225517613{margin-bottom: 30px !important;}&#8221;][vc_column_text css=&#8221;.vc_custom_1649093323521{margin-bottom: 0px !important;}&#8221;]Cuando los Salesianos llegaron a Ecuador, no contaban con todos los recursos para financiar la Educación Superior y la Formación Salesiana de sus seminaristas, debido a la gran cantidad de dinero que representaban. Con el fin crear un Fondo que sostenga este nuevo reto los Superiores Salesianos, confiaron esta labor a un sacerdote irlandés carismático y talentoso que había trabajado 22 años como misionero en Argentina, al <strong>Padre John James Porter, sdb</strong>. En la década de 60 se unió a los Salesianos del Ecuador.</p>
<p><strong>Tan pronto como llegó a Quito &#8211; Ecuador, comenzó a trabajar por las Vocaciones.</strong> Él hizo su mejor esfuerzo para encontrar apoyo para los jóvenes que mostraron interés por el Sacerdocio. En ese momento, muchos jóvenes entraron en el Seminario Menor Salesiano. Para afrontar los gastos de su formación fue a Irlanda, Estados Unidos, Canadá y otros países de habla inglesa en busca de ayuda.[/vc_column_text][/dity_hcard][/vc_column][/vc_row][vc_row][vc_column][vc_basic_grid post_type=&#8221;post&#8221; max_items=&#8221;3&#8243; grid_id=&#8221;vc_gid:1718226276450-86b01a2d-a375-2&#8243; taxonomies=&#8221;129&#8243;][/vc_column][/vc_row][vc_row][vc_column][dity_bordered_heading type=&#8221;h2&#8243; title=&#8221;Anteriores directores de la obra&#8221; subtitle=&#8221;Salesianos&#8221; css_animation=&#8221;fadeIn&#8221; css=&#8221;.vc_custom_1649091534282{margin-bottom: 30px !important;}&#8221;][/vc_column][/vc_row][vc_row][vc_column width=&#8221;1/4&#8243;][dity_vcard image=&#8221;923&#8243; shadow_hover=&#8221;16&#8243; css_animation=&#8221;fadeIn&#8221;][vc_custom_heading text=&#8221;P. Maffeo Panteghini, sdb&#8221; font_container=&#8221;tag:h3|text_align:center&#8221; use_theme_fonts=&#8221;yes&#8221;][vc_custom_heading text=&#8221;Ex-Director&#8221; font_container=&#8221;tag:h6|text_align:center&#8221; use_theme_fonts=&#8221;yes&#8221; el_class=&#8221;card-subtitle text-muted font-italic&#8221; css=&#8221;.vc_custom_1649091758061{margin-top: -20px !important;}&#8221;][/dity_vcard][/vc_column][vc_column width=&#8221;3/4&#8243;][vc_column_text]<strong>Misionero Salesiano,</strong> nació el 18 de junio de 1947 en Biennio – Brescia, Italia. Inició su formación salesiana en Chieri – Villa Moglia el 1963. <strong>Fue transferido a la Inspectoria Salesiana del Ecuador en Cuenca, el 9 de enero de 1969.</strong></p>
<p><strong>Se ordena como sacerdote el 22 de julio de 1982 en Salinas de Guaranda &#8211; Ecuador.</strong> Maestro de artes, especializado en carpintería y ebanistería.</p>
<p><strong><em>Director del Fondo Vocacional del 2013 al 2020. </em></strong>Actualmente, es director en Sevilla Don Bosco (Misión Amazónica).[/vc_column_text][vc_separator][/vc_column][/vc_row][vc_row][vc_column width=&#8221;1/4&#8243;][dity_vcard image=&#8221;921&#8243; shadow_hover=&#8221;16&#8243; css_animation=&#8221;fadeIn&#8221;][vc_custom_heading text=&#8221;Mons. Alfredo Espinoza&#8221; font_container=&#8221;tag:h3|text_align:center&#8221; use_theme_fonts=&#8221;yes&#8221;][vc_custom_heading text=&#8221;Ex-Director&#8221; font_container=&#8221;tag:h6|text_align:center&#8221; use_theme_fonts=&#8221;yes&#8221; el_class=&#8221;card-subtitle text-muted font-italic&#8221; css=&#8221;.vc_custom_1612894051200{margin-top: -20px !important;}&#8221;][/dity_vcard][/vc_column][vc_column width=&#8221;3/4&#8243;][vc_column_text]Nace el 22 de abril de 1958 en Guayaquil &#8211; Ecuador. El Noviciado Salesiano lo realizó en la Rio Negro &#8211; Colombia el 4 de enero de 1978. <strong>Se ordenó como sacerdote el 17 de diciembre de 1988 en su ciudad natal.</strong></p>
<p><strong>Desde el 2011 hasta el 2013 fue Ecónomo Inspectorial y Director del Fondo Vocacional.<em> El 20 de diciembre de 2013, el papa Francisco lo nombró Obispo de Loja.</em> </strong></p>
<p>Fue consagrado el 18 de enero de 2014, a manos del por entonces Nuncio Apostólico en Ecuador, Giacomo Guido Ottonello. Sus co-consagrantes fueron el Obispo emérito de Machala, Luis Sánchez Armijos y su predecesor, Julio Parrilla Díaz. Tomó posesión canónica el mismo día de su ordenación.</p>
<p><strong>El 5 de abril de 2019, el papa Francisco lo nombró nuevo Arzobispo de Quito y Primado de Ecuador.</strong> Tomó posesión canónica el día 2 de mayo, durante una ceremonia en la Catedral Metropolitana de Quito. El sábado 29 de junio de 2019, en la Solemnidad de los Apóstoles Pedro y Pablo, en una ceremonia en la Basílica de San Pedro, recibió el palio arzobispal de manos del sumo pontífice el papa Francisco. El sábado 20 de julio de 2019, en una ceremonia en la Catedral Metropolitana de Quito y Primada del Ecuador, recibió la imposición del palio arzobispal de manos del nuncio apostólico en Ecuador, Andrés Carrascosa Coso.[/vc_column_text][vc_separator][/vc_column][/vc_row][vc_row][vc_column width=&#8221;1/4&#8243;][dity_vcard image=&#8221;920&#8243; shadow_hover=&#8221;16&#8243; css_animation=&#8221;fadeIn&#8221;][vc_custom_heading text=&#8221;(+) P. Rafael Bastidas, sdb&#8221; font_container=&#8221;tag:h3|text_align:center&#8221; use_theme_fonts=&#8221;yes&#8221;][vc_custom_heading text=&#8221;Ex-Director&#8221; font_container=&#8221;tag:h6|text_align:center&#8221; use_theme_fonts=&#8221;yes&#8221; el_class=&#8221;card-subtitle text-muted font-italic&#8221; css=&#8221;.vc_custom_1649091901116{margin-top: -20px !important;}&#8221;][/dity_vcard][/vc_column][vc_column width=&#8221;3/4&#8243;][vc_column_text]Nace el 1 de marzo de 1938 en Chavezpamba, Pichincha &#8211; Quito. En 1953, inició su formación al sacerdocio en la ciudad de Cuenca.<strong> Se ordenó como sacerdote el 19 de diciembre de 1970.</strong></p>
<p>Luego del fallecimiento del P. John Porter, asume como <em><strong>Director del Fondo Vocacional desde el 2004 al 2011. </strong></em>También se desempeñó como Director de las Casas de Formación, Consejero Inspectorial, Maestro, Párroco, Vicario Inspectorial y Director.</p>
<p><strong>Partió a la casa del Señor el 5 de mayo del 2020 a los 82 años.</strong>[/vc_column_text][/vc_column][/vc_row][/vc_section]</p>
